{"id":760,"date":"2023-03-11T14:00:39","date_gmt":"2023-03-11T13:00:39","guid":{"rendered":"https:\/\/www.owm-vertrieb.de\/wp_local\/?page_id=760"},"modified":"2023-06-26T10:56:31","modified_gmt":"2023-06-26T09:56:31","slug":"parpas","status":"publish","type":"page","link":"https:\/\/www.owm-vertrieb.de\/home\/parpas\/","title":{"rendered":"Parpas"},"content":{"rendered":"<p>[et_pb_section fb_built=&#8220;1&#8243; _builder_version=&#8220;4.18.1&#8243; _module_preset=&#8220;default&#8220; min_height=&#8220;598.7px&#8220; custom_padding=&#8220;119px||0px|||&#8220; top_divider_style=&#8220;mountains2&#8243; top_divider_color=&#8220;#E02B20&#8243; top_divider_repeat=&#8220;1x&#8220; top_divider_flip=&#8220;vertical|horizontal&#8220; global_colors_info=&#8220;{}&#8220;][et_pb_row _builder_version=&#8220;4.18.1&#8243; _module_preset=&#8220;default&#8220; global_colors_info=&#8220;{}&#8220;][et_pb_column type=&#8220;4_4&#8243; _builder_version=&#8220;4.18.1&#8243; _module_preset=&#8220;default&#8220; global_colors_info=&#8220;{}&#8220;][et_pb_blurb title=&#8220;Fr\u00e4smaschinen von GRUPPO PARPAS&#8220; alt=&#8220;OWM&#8220; image_icon_width=&#8220;40%&#8220; content_max_width=&#8220;1000px&#8220; _builder_version=&#8220;4.18.1&#8243; _module_preset=&#8220;default&#8220; header_level=&#8220;h1&#8243; header_font=&#8220;Nunito|||||on|||&#8220; header_text_color=&#8220;#000000&#8243; header_font_size=&#8220;50px&#8220; body_font=&#8220;Open Sans||||||||&#8220; body_text_align=&#8220;center&#8220; body_font_size=&#8220;28px&#8220; body_line_height=&#8220;1.1em&#8220; text_orientation=&#8220;center&#8220; custom_margin=&#8220;||75px|||&#8220; hover_enabled=&#8220;0&#8243; global_colors_info=&#8220;{}&#8220; disabled_on=&#8220;on|off|off&#8220; sticky_enabled=&#8220;0&#8243;][\/et_pb_blurb][et_pb_blurb title=&#8220;Fr\u00e4smaschinen von GRUPPO PARPAS&#8220; alt=&#8220;OWM&#8220; image_icon_width=&#8220;40%&#8220; content_max_width=&#8220;1000px&#8220; _builder_version=&#8220;4.18.1&#8243; _module_preset=&#8220;default&#8220; header_level=&#8220;h1&#8243; header_font=&#8220;Nunito|||||on|||&#8220; header_text_color=&#8220;#000000&#8243; header_font_size=&#8220;45px&#8220; body_font=&#8220;Open Sans||||||||&#8220; body_text_align=&#8220;center&#8220; body_font_size=&#8220;28px&#8220; body_line_height=&#8220;1.1em&#8220; text_orientation=&#8220;center&#8220; custom_margin=&#8220;||75px|||&#8220; hover_enabled=&#8220;0&#8243; global_colors_info=&#8220;{}&#8220; disabled_on=&#8220;off|on|on&#8220; sticky_enabled=&#8220;0&#8243;][\/et_pb_blurb][et_pb_divider _builder_version=&#8220;4.18.0&#8243; _module_preset=&#8220;default&#8220; custom_margin=&#8220;-60px|||||&#8220; custom_padding=&#8220;42px|||||&#8220; global_colors_info=&#8220;{}&#8220;][\/et_pb_divider][et_pb_image src=&#8220;https:\/\/www.owm-vertrieb.de\/wp-content\/uploads\/2022\/10\/LOGO_PARPAS_GRUPPO_NEW.jpg&#8220; title_text=&#8220;LOGO_PARPAS_GRUPPO_NEW&#8220; align=&#8220;center&#8220; _builder_version=&#8220;4.18.1&#8243; _module_preset=&#8220;default&#8220; global_colors_info=&#8220;{}&#8220;][\/et_pb_image][et_pb_blurb title=&#8220;H\u00f6chste Pr\u00e4zision auch bei gro\u00dfen Verfahrwegen&#8220; alt=&#8220;OWM&#8220; image_icon_width=&#8220;40%&#8220; content_max_width=&#8220;1000px&#8220; _builder_version=&#8220;4.18.1&#8243; _module_preset=&#8220;default&#8220; header_level=&#8220;h1&#8243; header_font=&#8220;Nunito|||||on|||&#8220; header_text_color=&#8220;#000000&#8243; header_font_size=&#8220;45px&#8220; body_font=&#8220;Open Sans||||||||&#8220; body_text_align=&#8220;center&#8220; body_font_size=&#8220;28px&#8220; body_line_height=&#8220;1.1em&#8220; text_orientation=&#8220;center&#8220; global_colors_info=&#8220;{}&#8220;]<\/p>\n<h3>Das familiengef\u00fchrte Unternehmen Parpas aus Norditalien bietet Ihnen eine Vielzahl an Fr\u00e4smaschinen mit Spindeln aus der eigenen Entwicklung und Fertigung f\u00fcr die unterschiedlichsten Anforderungen seit \u00fcber 70 Jahren. Einzigartig f\u00fcr viele Maschinen der Gruppo Parpas ist das bew\u00e4hrte und patentierte Temperaturkonzept, mit welchem auch bei sehr gro\u00dfen Verfahrwegen h\u00f6chste Genauigkeiten am Werkst\u00fcck eingehalten werden k\u00f6nnen.<\/h3>\n<p>[\/et_pb_blurb][\/et_pb_column][\/et_pb_row][et_pb_row _builder_version=&#8220;4.18.1&#8243; _module_preset=&#8220;default&#8220; global_colors_info=&#8220;{}&#8220;][et_pb_column type=&#8220;4_4&#8243; _builder_version=&#8220;4.18.1&#8243; _module_preset=&#8220;default&#8220; global_colors_info=&#8220;{}&#8220;][et_pb_divider _builder_version=&#8220;4.18.0&#8243; _module_preset=&#8220;default&#8220; custom_margin=&#8220;-60px|||||&#8220; custom_padding=&#8220;42px|||||&#8220; global_colors_info=&#8220;{}&#8220;][\/et_pb_divider][\/et_pb_column][\/et_pb_row][\/et_pb_section][et_pb_section fb_built=&#8220;1&#8243; _builder_version=&#8220;4.18.1&#8243; _module_preset=&#8220;default&#8220; custom_padding=&#8220;0px||10px|||&#8220; hover_enabled=&#8220;0&#8243; global_colors_info=&#8220;{}&#8220; disabled_on=&#8220;on|on|off&#8220; sticky_enabled=&#8220;0&#8243;][et_pb_row column_structure=&#8220;1_3,1_3,1_3&#8243; _builder_version=&#8220;4.18.1&#8243; _module_preset=&#8220;default&#8220; global_colors_info=&#8220;{}&#8220;][et_pb_column type=&#8220;1_3&#8243; _builder_version=&#8220;4.18.1&#8243; _module_preset=&#8220;default&#8220; global_colors_info=&#8220;{}&#8220;][et_pb_text _builder_version=&#8220;4.18.1&#8243; _module_preset=&#8220;default&#8220; text_font=&#8220;Nunito|||||on|||&#8220; text_text_color=&#8220;#000000&#8243; header_font=&#8220;|||||on|||&#8220; header_text_align=&#8220;center&#8220; header_text_color=&#8220;#000000&#8243; header_font_size=&#8220;35px&#8220; global_colors_info=&#8220;{}&#8220;]<\/p>\n<h1 style=\"text-align: center;\">Fahrst\u00e4nder Bauweise<\/h1>\n<p>[\/et_pb_text][\/et_pb_column][et_pb_column type=&#8220;1_3&#8243; _builder_version=&#8220;4.18.1&#8243; _module_preset=&#8220;default&#8220; global_colors_info=&#8220;{}&#8220;][et_pb_text _builder_version=&#8220;4.18.1&#8243; _module_preset=&#8220;default&#8220; text_font=&#8220;Nunito|||||on|||&#8220; text_text_color=&#8220;#000000&#8243; header_font=&#8220;|||||on|||&#8220; header_text_align=&#8220;center&#8220; header_text_color=&#8220;#000000&#8243; header_font_size=&#8220;35px&#8220; global_colors_info=&#8220;{}&#8220;]<\/p>\n<h1 style=\"text-align: center;\">Gantry-Bauweise ohne Fundament<\/h1>\n<p>[\/et_pb_text][\/et_pb_column][et_pb_column type=&#8220;1_3&#8243; _builder_version=&#8220;4.18.1&#8243; _module_preset=&#8220;default&#8220; global_colors_info=&#8220;{}&#8220;][et_pb_text _builder_version=&#8220;4.18.1&#8243; _module_preset=&#8220;default&#8220; text_font=&#8220;Nunito|||||on|||&#8220; text_text_color=&#8220;#000000&#8243; header_font=&#8220;|||||on|||&#8220; header_text_align=&#8220;center&#8220; header_text_color=&#8220;#000000&#8243; header_font_size=&#8220;35px&#8220; global_colors_info=&#8220;{}&#8220;]<\/p>\n<h1 style=\"text-align: center;\">Gantry-Bauweise mit Fundament<\/h1>\n<p>[\/et_pb_text][\/et_pb_column][\/et_pb_row][et_pb_row column_structure=&#8220;1_3,1_3,1_3&#8243; _builder_version=&#8220;4.18.1&#8243; _module_preset=&#8220;default&#8220; global_colors_info=&#8220;{}&#8220;][et_pb_column type=&#8220;1_3&#8243; _builder_version=&#8220;4.18.1&#8243; _module_preset=&#8220;default&#8220; global_colors_info=&#8220;{}&#8220;][et_pb_image src=&#8220;https:\/\/www.owm-vertrieb.de\/wp-content\/uploads\/2023\/03\/Parpas_Electra.jpg&#8220; title_text=&#8220;Parpas_Electra&#8220; _builder_version=&#8220;4.18.1&#8243; _module_preset=&#8220;default&#8220; global_colors_info=&#8220;{}&#8220;][\/et_pb_image][\/et_pb_column][et_pb_column type=&#8220;1_3&#8243; _builder_version=&#8220;4.18.1&#8243; _module_preset=&#8220;default&#8220; global_colors_info=&#8220;{}&#8220;][et_pb_image src=&#8220;https:\/\/www.owm-vertrieb.de\/wp-content\/uploads\/2023\/05\/Diamond.jpg&#8220; title_text=&#8220;Diamond&#8220; _builder_version=&#8220;4.18.1&#8243; _module_preset=&#8220;default&#8220; global_colors_info=&#8220;{}&#8220;][\/et_pb_image][\/et_pb_column][et_pb_column type=&#8220;1_3&#8243; _builder_version=&#8220;4.18.1&#8243; _module_preset=&#8220;default&#8220; global_colors_info=&#8220;{}&#8220;][et_pb_image src=&#8220;https:\/\/www.owm-vertrieb.de\/wp-content\/uploads\/2023\/03\/Parpas_XS.jpg&#8220; title_text=&#8220;Parpas_XS&#8220; _builder_version=&#8220;4.18.1&#8243; _module_preset=&#8220;default&#8220; global_colors_info=&#8220;{}&#8220;][\/et_pb_image][\/et_pb_column][\/et_pb_row][et_pb_row column_structure=&#8220;1_6,1_6,1_6,1_6,1_6,1_6&#8243; _builder_version=&#8220;4.18.1&#8243; _module_preset=&#8220;default&#8220; global_colors_info=&#8220;{}&#8220;][et_pb_column type=&#8220;1_6&#8243; _builder_version=&#8220;4.18.1&#8243; _module_preset=&#8220;default&#8220; global_colors_info=&#8220;{}&#8220;][et_pb_image src=&#8220;https:\/\/www.owm-vertrieb.de\/wp-content\/uploads\/2023\/05\/Unika.jpg&#8220; title_text=&#8220;Unika&#8220; _builder_version=&#8220;4.18.1&#8243; _module_preset=&#8220;default&#8220; global_colors_info=&#8220;{}&#8220;][\/et_pb_image][\/et_pb_column][et_pb_column type=&#8220;1_6&#8243; _builder_version=&#8220;4.18.1&#8243; _module_preset=&#8220;default&#8220; global_colors_info=&#8220;{}&#8220;][et_pb_image src=&#8220;https:\/\/www.owm-vertrieb.de\/wp-content\/uploads\/2023\/05\/Shark.jpg&#8220; title_text=&#8220;Shark&#8220; _builder_version=&#8220;4.18.1&#8243; _module_preset=&#8220;default&#8220; global_colors_info=&#8220;{}&#8220;][\/et_pb_image][\/et_pb_column][et_pb_column type=&#8220;1_6&#8243; _builder_version=&#8220;4.18.1&#8243; _module_preset=&#8220;default&#8220; global_colors_info=&#8220;{}&#8220;][et_pb_image src=&#8220;https:\/\/www.owm-vertrieb.de\/wp-content\/uploads\/2023\/05\/Roller.jpg&#8220; title_text=&#8220;Roller&#8220; _builder_version=&#8220;4.18.1&#8243; _module_preset=&#8220;default&#8220; global_colors_info=&#8220;{}&#8220;][\/et_pb_image][\/et_pb_column][et_pb_column type=&#8220;1_6&#8243; _builder_version=&#8220;4.18.1&#8243; _module_preset=&#8220;default&#8220; global_colors_info=&#8220;{}&#8220;][et_pb_image src=&#8220;https:\/\/www.owm-vertrieb.de\/wp-content\/uploads\/2023\/03\/parpas_Active.jpg&#8220; title_text=&#8220;parpas_Active&#8220; _builder_version=&#8220;4.18.1&#8243; _module_preset=&#8220;default&#8220; global_colors_info=&#8220;{}&#8220;][\/et_pb_image][\/et_pb_column][et_pb_column type=&#8220;1_6&#8243; _builder_version=&#8220;4.18.1&#8243; _module_preset=&#8220;default&#8220; global_colors_info=&#8220;{}&#8220;][et_pb_image src=&#8220;https:\/\/www.owm-vertrieb.de\/wp-content\/uploads\/2023\/05\/Aero.jpg&#8220; title_text=&#8220;Aero&#8220; _builder_version=&#8220;4.18.1&#8243; _module_preset=&#8220;default&#8220; global_colors_info=&#8220;{}&#8220;][\/et_pb_image][\/et_pb_column][et_pb_column type=&#8220;1_6&#8243; _builder_version=&#8220;4.18.1&#8243; _module_preset=&#8220;default&#8220; global_colors_info=&#8220;{}&#8220;][et_pb_image src=&#8220;https:\/\/www.owm-vertrieb.de\/wp-content\/uploads\/2023\/05\/Speedliner.jpg&#8220; title_text=&#8220;Speedliner&#8220; _builder_version=&#8220;4.18.1&#8243; _module_preset=&#8220;default&#8220; global_colors_info=&#8220;{}&#8220;][\/et_pb_image][\/et_pb_column][\/et_pb_row][et_pb_row column_structure=&#8220;1_3,1_3,1_3&#8243; _builder_version=&#8220;4.18.1&#8243; _module_preset=&#8220;default&#8220; global_colors_info=&#8220;{}&#8220;][et_pb_column type=&#8220;1_3&#8243; _builder_version=&#8220;4.18.1&#8243; _module_preset=&#8220;default&#8220; global_colors_info=&#8220;{}&#8220;][et_pb_text _builder_version=&#8220;4.18.1&#8243; _module_preset=&#8220;default&#8220; global_colors_info=&#8220;{}&#8220;]<\/p>\n<h4>Gruppo Parpas bietet verschiedene Maschinen in der Fahrst\u00e4nderbauweise. Hierbei wird das Werkst\u00fcck auf einem feststehenden Tisch positioniert und die Achsbewegungen \u00fcber den Fahrst\u00e4nder durchgef\u00fchrt.<\/h4>\n<h4>Die verschiedenen Baureihen bieten Ihnen mit h\u00f6chster Dynamik und Vorsch\u00fcben von bis zu 60m\/min viele M\u00f6glichkeiten f\u00fcr Ihre Bearbeitung.<\/h4>\n<h4><em><\/em><\/h4>\n<h4><em><\/em><\/h4>\n<h4><em><\/em><\/h4>\n<h4><em><\/em><\/h4>\n<h4><em>Verfahrwege: 800x600x450mm bis 20.500&#215;1.300&#215;4.100mm<\/em><\/h4>\n<p>&nbsp;<\/p>\n<h4><strong>Baureihen:<\/strong><\/h4>\n<ul>\n<li>Shark<\/li>\n<li>Formula<\/li>\n<li>Electra<\/li>\n<li>und weitere<\/li>\n<\/ul>\n<p><em><\/em><\/p>\n<p>[\/et_pb_text][\/et_pb_column][et_pb_column type=&#8220;1_3&#8243; _builder_version=&#8220;4.18.1&#8243; _module_preset=&#8220;default&#8220; global_colors_info=&#8220;{}&#8220;][et_pb_text _builder_version=&#8220;4.18.1&#8243; _module_preset=&#8220;default&#8220; global_colors_info=&#8220;{}&#8220;]<\/p>\n<h4>Gruppo Parpas bietet verschiedene Maschinen in der Gantry-Bauweise ohne Fundament. Dies wird durch ein stabiles Stahlguss-Maschinenbett erm\u00f6glicht. Sie profitieren bei diesen Baureihen von der Flexibilit\u00e4t der Maschine bei der Aufstellung sowie der Stabilit\u00e4t der Gantry-Portalbauweise f\u00fcr Ihre Bearbeitung.<\/h4>\n<h4>Mit Vorsch\u00fcben von bis zu 60m\/min sowie dem einzigartigen Temperaturkonzept sind die Maschinen von Parpas herausragend in Ihrer Klasse.<\/h4>\n<p><em><\/em><\/p>\n<p><em><\/em><\/p>\n<h4><em>Verfahrwege: 1200x1800x1000mm bis 4.000x2030x1.400mm<\/em><\/h4>\n<h4><strong><\/strong><\/h4>\n<p>&nbsp;<\/p>\n<h4><strong><\/strong><\/h4>\n<h4><strong>Baureihen:<\/strong><\/h4>\n<ul>\n<li>Active<\/li>\n<li>Diamond<\/li>\n<li>Roller<\/li>\n<\/ul>\n<p><em><\/em><\/p>\n<p>[\/et_pb_text][\/et_pb_column][et_pb_column type=&#8220;1_3&#8243; _builder_version=&#8220;4.18.1&#8243; _module_preset=&#8220;default&#8220; global_colors_info=&#8220;{}&#8220;][et_pb_text _builder_version=&#8220;4.18.1&#8243; _module_preset=&#8220;default&#8220; global_colors_info=&#8220;{}&#8220;]<\/p>\n<h4>Gruppo Parpas bietet verschiedene Maschinen in der Gantry-Bauweise mit Fundament. \u00dcber das Fundament werden die seitlichen &#8222;Steher&#8220; fest mit dem Werkstattboden verbunden, w\u00e4hrend die Bewegung mittels der Traverse durchgef\u00fchrt werden.<\/h4>\n<h4>Durch das einzigartige Temperaturkonzept von Parpas werden h\u00f6chste volumetrische Genauigkeiten erreicht. Au\u00dferdem sind Verfahrgeschwindigkeiten von bis zum 100m\/min m\u00f6glich.<\/h4>\n<h4><em><\/em><\/h4>\n<p><em><\/em><\/p>\n<p><em><\/em><\/p>\n<h4><em>Verfahrwege: 2.500x3000x800mm bis 7.600&#215;30.000&#215;2.500mm<\/em><\/h4>\n<p>&nbsp;<\/p>\n<h4><strong>Baureihen:<\/strong><em><\/em><\/h4>\n<ul>\n<li>XS<\/li>\n<li>Aero<\/li>\n<li>Speedliner<\/li>\n<\/ul>\n<p><em><\/em><\/p>\n<p>[\/et_pb_text][\/et_pb_column][\/et_pb_row][et_pb_row _builder_version=&#8220;4.18.1&#8243; _module_preset=&#8220;default&#8220; global_colors_info=&#8220;{}&#8220;][et_pb_column type=&#8220;4_4&#8243; _builder_version=&#8220;4.18.1&#8243; _module_preset=&#8220;default&#8220; global_colors_info=&#8220;{}&#8220;][et_pb_text _builder_version=&#8220;4.18.1&#8243; _module_preset=&#8220;default&#8220; global_colors_info=&#8220;{}&#8220;]<\/p>\n<h2 style=\"text-align: center;\">Durch eine Vielzahl an verschiedenen Fr\u00e4sk\u00f6pfen und Spindeln aus jahrzehntelanger eigener Entwicklung, sowie vielen weiteren Optionen k\u00f6nnen die einzelnen Baureihen individuell auf Ihre Bed\u00fcrfnisse angepasst werden.<\/h2>\n<p>[\/et_pb_text][\/et_pb_column][\/et_pb_row][\/et_pb_section][et_pb_section fb_built=&#8220;1&#8243; _builder_version=&#8220;4.18.1&#8243; _module_preset=&#8220;default&#8220; custom_padding=&#8220;0px||10px|||&#8220; hover_enabled=&#8220;0&#8243; global_colors_info=&#8220;{}&#8220; disabled_on=&#8220;off|off|on&#8220; sticky_enabled=&#8220;0&#8243;][et_pb_row column_structure=&#8220;1_3,1_3,1_3&#8243; _builder_version=&#8220;4.18.1&#8243; _module_preset=&#8220;default&#8220; global_colors_info=&#8220;{}&#8220;][et_pb_column type=&#8220;1_3&#8243; _builder_version=&#8220;4.18.1&#8243; _module_preset=&#8220;default&#8220; global_colors_info=&#8220;{}&#8220;][et_pb_text _builder_version=&#8220;4.18.1&#8243; _module_preset=&#8220;default&#8220; text_font=&#8220;Nunito|||||on|||&#8220; text_text_color=&#8220;#000000&#8243; header_font=&#8220;|||||on|||&#8220; header_text_align=&#8220;center&#8220; header_text_color=&#8220;#000000&#8243; header_font_size=&#8220;35px&#8220; global_colors_info=&#8220;{}&#8220;]<\/p>\n<h1 style=\"text-align: center;\">Fahrst\u00e4nder Bauweise<\/h1>\n<p>[\/et_pb_text][et_pb_image src=&#8220;https:\/\/www.owm-vertrieb.de\/wp-content\/uploads\/2023\/03\/Parpas_Electra.jpg&#8220; title_text=&#8220;Parpas_Electra&#8220; _builder_version=&#8220;4.18.1&#8243; _module_preset=&#8220;default&#8220; global_colors_info=&#8220;{}&#8220;][\/et_pb_image][et_pb_text _builder_version=&#8220;4.18.1&#8243; _module_preset=&#8220;default&#8220; global_colors_info=&#8220;{}&#8220;]<\/p>\n<h4>Gruppo Parpas bietet verschiedene Maschinen in der Fahrst\u00e4nderbauweise. Hierbei wird das Werkst\u00fcck auf einem feststehenden Tisch positioniert und die Achsbewegungen \u00fcber den Fahrst\u00e4nder durchgef\u00fchrt.<\/h4>\n<h4>Die verschiedenen Baureihen bieten Ihnen mit h\u00f6chster Dynamik und Vorsch\u00fcben von bis zu 60m\/min viele M\u00f6glichkeiten f\u00fcr Ihre Bearbeitung.<\/h4>\n<h4><em><\/em><\/h4>\n<h4><em><\/em><\/h4>\n<h4><em><\/em><\/h4>\n<h4><em><\/em><\/h4>\n<h4><em>Verfahrwege: 800x600x450mm bis 20.500&#215;1.300&#215;4.100mm<\/em><\/h4>\n<p>&nbsp;<\/p>\n<h4><strong>Baureihen:<\/strong><\/h4>\n<ul>\n<li>Shark<\/li>\n<li>Formula<\/li>\n<li>Electra<\/li>\n<li>und weitere<\/li>\n<\/ul>\n<p><em><\/em><\/p>\n<p>[\/et_pb_text][et_pb_text _builder_version=&#8220;4.18.1&#8243; _module_preset=&#8220;default&#8220; text_font=&#8220;Nunito|||||on|||&#8220; text_text_color=&#8220;#000000&#8243; header_font=&#8220;|||||on|||&#8220; header_text_align=&#8220;center&#8220; header_text_color=&#8220;#000000&#8243; header_font_size=&#8220;35px&#8220; global_colors_info=&#8220;{}&#8220;]<\/p>\n<h1 style=\"text-align: center;\">Gantry-Bauweise ohne Fundament<\/h1>\n<p>[\/et_pb_text][et_pb_image src=&#8220;https:\/\/www.owm-vertrieb.de\/wp-content\/uploads\/2023\/05\/Diamond.jpg&#8220; title_text=&#8220;Diamond&#8220; _builder_version=&#8220;4.18.1&#8243; _module_preset=&#8220;default&#8220; global_colors_info=&#8220;{}&#8220;][\/et_pb_image][\/et_pb_column][et_pb_column type=&#8220;1_3&#8243; _builder_version=&#8220;4.18.1&#8243; _module_preset=&#8220;default&#8220; global_colors_info=&#8220;{}&#8220;][et_pb_text _builder_version=&#8220;4.18.1&#8243; _module_preset=&#8220;default&#8220; global_colors_info=&#8220;{}&#8220;]<\/p>\n<h4>Gruppo Parpas bietet verschiedene Maschinen in der Gantry-Bauweise ohne Fundament. Dies wird durch ein stabiles Stahlguss-Maschinenbett erm\u00f6glicht. Sie profitieren bei diesen Baureihen von der Flexibilit\u00e4t der Maschine bei der Aufstellung sowie der Stabilit\u00e4t der Gantry-Portalbauweise f\u00fcr Ihre Bearbeitung.<\/h4>\n<h4>Mit Vorsch\u00fcben von bis zu 60m\/min sowie dem einzigartigen Temperaturkonzept sind die Maschinen von Parpas herausragend in Ihrer Klasse.<\/h4>\n<p><em><\/em><\/p>\n<p><em><\/em><\/p>\n<h4><em>Verfahrwege: 1200x1800x1000mm bis 4.000x2030x1.400mm<\/em><\/h4>\n<h4><strong><\/strong><\/h4>\n<p>&nbsp;<\/p>\n<h4><strong><\/strong><\/h4>\n<h4><strong>Baureihen:<\/strong><\/h4>\n<ul>\n<li>Active<\/li>\n<li>Diamond<\/li>\n<li>Roller<\/li>\n<\/ul>\n<p><em><\/em><\/p>\n<p>[\/et_pb_text][\/et_pb_column][et_pb_column type=&#8220;1_3&#8243; _builder_version=&#8220;4.18.1&#8243; _module_preset=&#8220;default&#8220; global_colors_info=&#8220;{}&#8220;][et_pb_text _builder_version=&#8220;4.18.1&#8243; _module_preset=&#8220;default&#8220; text_font=&#8220;Nunito|||||on|||&#8220; text_text_color=&#8220;#000000&#8243; header_font=&#8220;|||||on|||&#8220; header_text_align=&#8220;center&#8220; header_text_color=&#8220;#000000&#8243; header_font_size=&#8220;35px&#8220; global_colors_info=&#8220;{}&#8220;]<\/p>\n<h1 style=\"text-align: center;\">Gantry-Bauweise mit Fundament<\/h1>\n<p>[\/et_pb_text][et_pb_image src=&#8220;https:\/\/www.owm-vertrieb.de\/wp-content\/uploads\/2023\/03\/Parpas_XS.jpg&#8220; title_text=&#8220;Parpas_XS&#8220; _builder_version=&#8220;4.18.1&#8243; _module_preset=&#8220;default&#8220; global_colors_info=&#8220;{}&#8220;][\/et_pb_image][et_pb_text _builder_version=&#8220;4.18.1&#8243; _module_preset=&#8220;default&#8220; global_colors_info=&#8220;{}&#8220;]<\/p>\n<h4>Gruppo Parpas bietet verschiedene Maschinen in der Gantry-Bauweise mit Fundament. \u00dcber das Fundament werden die seitlichen &#8222;Steher&#8220; fest mit dem Werkstattboden verbunden, w\u00e4hrend die Bewegung mittels der Traverse durchgef\u00fchrt werden.<\/h4>\n<h4>Durch das einzigartige Temperaturkonzept von Parpas werden h\u00f6chste volumetrische Genauigkeiten erreicht. Au\u00dferdem sind Verfahrgeschwindigkeiten von bis zum 100m\/min m\u00f6glich.<\/h4>\n<h4><em><\/em><\/h4>\n<p><em><\/em><\/p>\n<p><em><\/em><\/p>\n<h4><em>Verfahrwege: 2.500x3000x800mm bis 7.600&#215;30.000&#215;2.500mm<\/em><\/h4>\n<p>&nbsp;<\/p>\n<h4><strong>Baureihen:<\/strong><em><\/em><\/h4>\n<ul>\n<li>XS<\/li>\n<li>Aero<\/li>\n<li>Speedliner<\/li>\n<\/ul>\n<p><em><\/em><\/p>\n<p>[\/et_pb_text][\/et_pb_column][\/et_pb_row][et_pb_row _builder_version=&#8220;4.18.1&#8243; _module_preset=&#8220;default&#8220; global_colors_info=&#8220;{}&#8220;][et_pb_column type=&#8220;4_4&#8243; _builder_version=&#8220;4.18.1&#8243; _module_preset=&#8220;default&#8220; global_colors_info=&#8220;{}&#8220;][et_pb_text _builder_version=&#8220;4.18.1&#8243; _module_preset=&#8220;default&#8220; global_colors_info=&#8220;{}&#8220;]<\/p>\n<h2 style=\"text-align: center;\">Durch eine Vielzahl an verschiedenen Fr\u00e4sk\u00f6pfen und Spindeln aus jahrzehntelanger eigener Entwicklung, sowie vielen weiteren Optionen k\u00f6nnen die einzelnen Baureihen individuell auf Ihre Bed\u00fcrfnisse angepasst werden.<\/h2>\n<p>[\/et_pb_text][\/et_pb_column][\/et_pb_row][\/et_pb_section][et_pb_section fb_built=&#8220;1&#8243; _builder_version=&#8220;4.18.1&#8243; _module_preset=&#8220;default&#8220; global_colors_info=&#8220;{}&#8220;][et_pb_row _builder_version=&#8220;4.18.1&#8243; _module_preset=&#8220;default&#8220; global_colors_info=&#8220;{}&#8220;][et_pb_column type=&#8220;4_4&#8243; _builder_version=&#8220;4.18.1&#8243; _module_preset=&#8220;default&#8220; global_colors_info=&#8220;{}&#8220;][et_pb_divider _builder_version=&#8220;4.18.0&#8243; _module_preset=&#8220;default&#8220; custom_margin=&#8220;-60px|||||&#8220; global_colors_info=&#8220;{}&#8220;][\/et_pb_divider][\/et_pb_column][\/et_pb_row][et_pb_row _builder_version=&#8220;4.18.1&#8243; _module_preset=&#8220;default&#8220; global_colors_info=&#8220;{}&#8220;][et_pb_column type=&#8220;4_4&#8243; _builder_version=&#8220;4.18.1&#8243; _module_preset=&#8220;default&#8220; global_colors_info=&#8220;{}&#8220;][et_pb_text _builder_version=&#8220;4.18.1&#8243; _module_preset=&#8220;default&#8220; text_font=&#8220;|||||on|||&#8220; text_text_color=&#8220;#000000&#8243; text_font_size=&#8220;25px&#8220; text_orientation=&#8220;center&#8220; global_colors_info=&#8220;{}&#8220;]<\/p>\n<p>F\u00fcr weitere Informationen und technische Beratung <a href=\"https:\/\/www.owm-vertrieb.de\/home\/kontakt\/\">kontaktieren<\/a> Sie uns gerne!<\/p>\n<p>[\/et_pb_text][\/et_pb_column][\/et_pb_row][\/et_pb_section]<\/p>\n","protected":false},"excerpt":{"rendered":"<p>Das familiengef\u00fchrte Unternehmen Parpas aus Norditalien bietet Ihnen eine Vielzahl an Fr\u00e4smaschinen mit Spindeln aus der eigenen Entwicklung und Fertigung f\u00fcr die unterschiedlichsten Anforderungen seit \u00fcber 70 Jahren. Einzigartig f\u00fcr viele Maschinen der Gruppo Parpas ist das bew\u00e4hrte und patentierte Temperaturkonzept, mit welchem auch bei sehr gro\u00dfen Verfahrwegen h\u00f6chste Genauigkeiten am Werkst\u00fcck eingehalten werden k\u00f6nnen.Fahrst\u00e4nder [&hellip;]<\/p>\n","protected":false},"author":1,"featured_media":0,"parent":0,"menu_order":0,"comment_status":"closed","ping_status":"closed","template":"","meta":{"_et_pb_use_builder":"on","_et_pb_old_content":"","_et_gb_content_width":"","footnotes":""},"class_list":["post-760","page","type-page","status-publish","hentry"],"_links":{"self":[{"href":"https:\/\/www.owm-vertrieb.de\/home\/wp-json\/wp\/v2\/pages\/760","targetHints":{"allow":["GET"]}}],"collection":[{"href":"https:\/\/www.owm-vertrieb.de\/home\/wp-json\/wp\/v2\/pages"}],"about":[{"href":"https:\/\/www.owm-vertrieb.de\/home\/wp-json\/wp\/v2\/types\/page"}],"author":[{"embeddable":true,"href":"https:\/\/www.owm-vertrieb.de\/home\/wp-json\/wp\/v2\/users\/1"}],"replies":[{"embeddable":true,"href":"https:\/\/www.owm-vertrieb.de\/home\/wp-json\/wp\/v2\/comments?post=760"}],"version-history":[{"count":15,"href":"https:\/\/www.owm-vertrieb.de\/home\/wp-json\/wp\/v2\/pages\/760\/revisions"}],"predecessor-version":[{"id":1408,"href":"https:\/\/www.owm-vertrieb.de\/home\/wp-json\/wp\/v2\/pages\/760\/revisions\/1408"}],"wp:attachment":[{"href":"https:\/\/www.owm-vertrieb.de\/home\/wp-json\/wp\/v2\/media?parent=760"}],"curies":[{"name":"wp","href":"https:\/\/api.w.org\/{rel}","templated":true}]}}